 - 7*f**3/6 + 6*f**2 + 3*f. List the prime factors of s(12).
2, 3
Let c = -66 + 363. List the prime factors of c.
3, 11
Let s(n) = 96*n + 90. What are the prime factors of s(11)?
2, 3, 191
Let x be ((-10)/(-15))/(4/78). Suppose 5*t + x = -12. What are the prime factors of ((-6)/10)/(1/t)?
3
Let p = -1 - -1. Let o(x) = 3*x**2 - 4 - x**2 + p*x**2. What are the prime factors of o(5)?
2, 23
Let i(s) = 9*s + 4. Let g be i(-2). Let d = 18 + g. What are the prime factors of d?
2
Let f = -2 - -3. Let n(i) be the first derivative of 19*i**3/3 - i**2/2 + i - 36. What are the prime factors of n(f)?
19
Suppose 4*l - 2*g = 2*g, 0 = -4*l - g - 10. Let c be 1*l - (-295)/5. Suppose 0 = 3*v - 0*v - c. List the prime factors of v.
19
Let p(s) = -s**3 + 8*s**2 - 21*s + 37. What are the prime factors of p(-9)?
7, 229
Let w be (-9)/9*(32 - -1). Let p = w + 207. What are the prime factors of p?
2, 3, 29
List the prime factors of (73820/50)/(-2)*-5.
3691
Suppose 0 = 12*i - 10*i + 24. What are the prime factors of 3 + (-2)/(-8) + (-753)/i?
2, 3, 11
Let p = 73 - 69. Suppose m - 3*s - 82 - 18 = 0, -p*m = -s - 389. List the prime factors of m.
97
Let a be (1 + -4)/((-2)/18). Suppose 3 = -3*d - a. List the prime factors of d/(32/(-12) - -2).
3, 5
Let l(k) = 159*k**2 - 13*k - 4. List the prime factors of l(2).
2, 3, 101
Let b(o) = -o**3 + 23*o**2 - 57*o + 29. List the prime factors of b(20).
89
Let y(s) = s**3 + 14*s**2 + 21*s - 15. Let g be y(-11). Suppose 2*j - g = -a + 4*j, a = 3*j + 119. List the prime factors of a.
113
Suppose -4*l + 55 = -5. List the prime factors of l.
3, 5
Let l be (4 - (7 + -4))*3. Suppose -90 = -l*k + 15. List the prime factors of k.
5, 7
Suppose -9 = -3*x + 5*c, -4 + 1 = -x + 2*c. Suppose 2*q + 37 = x*q. What are the prime factors of q?
37
Let c = -9 + -11. Let h = c + 22. Suppose u + h*o - o - 21 = 0, -2*u + 54 = -2*o. What are the prime factors of u?
2, 3
Let o = -94 - -98. Suppose -o*z + 103 = -p - 120, 0 = z - p - 55. What are the prime factors of z?
2, 7
List the prime factors of -144*(117/27 + -11).
2, 3, 5
Suppose -2*r = 3*u - 4*u + 8, 5*u - 40 = r. Let c(m) = m**2 - 7*m + 2. List the prime factors of c(u).
2, 5
List the prime factors of ((-1613)/(-3) + 16/12)/1.
7, 11
Suppose -4*a = -a. Suppose 3*z + u = 2*z + 3, -z - 3*u + 9 = a. Suppose o + y = 6*o - 33, z = y + 3. What are the prime factors of o?
2, 3
Let s be (-1*15)/(24/64). What are the prime factors of (3 - -1 - s) + -2?
2, 3, 7
Let g = -879 - -1758. What are the prime factors of g?
3, 293
Let v(u) = -3*u**2 - 2*u**3 - 2 - 6*u + 0*u**3 + u**3. List the prime factors of v(-4).
2, 19
List the prime factors of (32/6)/(1 + 605/(-615)).
2, 41
Let s(q) = q**2 - 3*q - 1. Let n be s(7). Suppose 2*f - 47 - n = 0. What are the prime factors of f?
37
List the prime factors of 1/((-2)/6) - (-145 + -584).
2, 3, 11
Suppose 0 = -3*s - 2*s + 2*h - 45, s - 5*h + 9 = 0. Let p(c) = 5*c + 9. Let u be p(s). Let x = -15 - u. What are the prime factors of x?
3, 7
Let p = -52 + 47. List the prime factors of (-2*p/(-4))/(6/(-84)).
5, 7
Let j = -2793 - -3983. Suppose -7*g = 3*g - j. List the prime factors of g.
7, 17
Suppose 0*k - 4*l - 273 = -k, 5*k + 2*l - 1277 = 0. List the prime factors of k.
257
Let f = -152 - -428. List the prime factors of f.
2, 3, 23
Suppose 3*s - 2*s + 4*i - 22 = 0, 0 = s - 4*i - 22. Let d = s - 10. Suppose 0*k - d = -3*k. What are the prime factors of k?
2
Let s = -113 + 140. What are the prime factors of ((-27)/15)/(s/(-180))?
2, 3
Let q be (-4 + 5)/(1/151). Let o = q + -102. List the prime factors of o.
7
Suppose 3*w + 210 = -4*m + 28, -2*m - 96 = -w. Let v = -8 - m. What are the prime factors of (v - 2) + 24/(-6)?
3, 11
Let w be (-6)/4*(-6)/((-3)/(-1)). Let c(z) = z**3 - 2*z**2 + 6*z - 6. List the prime factors of c(w).
3, 7
Let i = 0 + 6. Suppose i*z - 137 - 121 = 0. List the prime factors of z.
43
Suppose 0 = g - 143 - 57. What are the prime factors of g?
2, 5
Let o(f) = f**3 + 9*f**2 + f + 15. Let v be o(-9). Suppose v - 2 = 4*u, -5*p - 3*u + 458 = 0. What are the prime factors of p?
7, 13
Suppose 6*b + 133 = 817. List the prime factors of b.
2, 3, 19
Suppose 58*o - 56*o - 1496 = 0. What are the prime factors of o?
2, 11, 17
Let f = 44 - -1871. What are the prime factors of f/9 + 11/(594/12)?
3, 71
Let j(h) = 4*h + 2. Let g(n) = -n**3 + 15*n**2 + 14*n + 1. Let i be g(16). Let z = i + 45. What are the prime factors of j(z)?
2, 29
Let y(m) = m**3 - 6*m**2 + 8*m + 2. Let k be y(4). Suppose 0 = -4*u + 4*v + 560, -5*u + 0*v = k*v - 707. What are the prime factors of u?
3, 47
Let z = -499 - -939. What are the prime factors of z?
2, 5, 11
Suppose 9*t = 2*l + 14*t - 1742, -4*l + 3502 = t. List the prime factors of l.
2, 3, 73
Let z(l) = l**2 + 13*l - 11. Let d(q) = -q**2 + 11*q. Let r be d(9). Let g = r - 33. List the prime factors of z(g).
19
Suppose i + 3*l + 25 = 0, 4*i + 20 = 4*l - 0*l. Let m = 14 + i. Suppose -m = v - 3*v. What are the prime factors of v?
2
Suppose -3*w - w = 0. Suppose -5*y + 15 - 5 = w. Suppose 2*k - 5 - 19 = z, 0 = y*k - 2*z - 28. What are the prime factors of k?
2, 5
Let v(g) = -g**2 + 11*g. Let l be v(11). Suppose l = t - 5*t, -u = -5*t + 303. What are the prime factors of (-1)/(u/(-153) - 2)?
3, 17
Let d = -3441 - -6568. What are the prime factors of d?
53, 59
Suppose 2*t - f = 4967, 47*t - 42*t - 4*f = 12410. What are the prime factors of t?
2, 11, 113
Let y(z) = 2*z**3 - 2*z**2 - z + 1. Suppose 4*o - 50 = 2*g, -g - 34 = -2*o - 3*g. Let l be 36/o - 9/(-21). List the prime factors of y(l).
2, 17
Let u(w) = -w**3 - 7*w**2 + 4*w - 8. Let v be u(-8). Suppose v*s - 200 = 20*s. What are the prime factors of s?
2, 5
Let p(f) = 8*f**2 + 2*f - 1. Let q = -7 + 8. List the prime factors of p(q).
3
Let b = -4 + 6. Suppose 0 = 2*j - 2*h - 156, b*j + 5*h - 360 = -3*j. Suppose 17 = 2*p - j. What are the prime factors of p?
2, 23
Let c be 3 + -4 - 3028 - 3. Let x be ((-104)/16*(3 - 1))/1. What are the prime factors of c/(-104) - (-2)/x?
29
Suppose 35700 = 54*k - 19*k. List the prime factors of k.
2, 3, 5, 17
Let r(z) = -z**3 + 2*z - 1. Let n(u) = -6*u**3 + 11*u - 4. Let o(v) = -2*n(v) + 11*r(v). Let b be o(-3). List the prime factors of 4/(-30) - 454/b.
3, 5
List the prime factors of ((-69)/(-4))/(8/256).
2, 3, 23
Let a(c) = 27*c - 4. Let n be a(8). Suppose 5*z + 4*d + 2 = 0, 13*z - 14 = 9*z + 2*d. Suppose -3*r + z*r + 60 = p, 4*r - 3*p = n. List the prime factors of r.
2, 7
Suppose -v + 15*v - 9660 = 0. What are the prime factors of v?
2, 3, 5, 23
Let v = 6895 + -2198. What are the prime factors of v?
7, 11, 61
Let x be 4 - 2 - (880/4 - -2). Let i = 430 + x. What are the prime factors of i?
2, 3, 5, 7
Suppose 0*h - 220 = 5*h + 5*m, -3*m = -3. Let q be h/(-4)*(4 - 0). Suppose -2*d = d - q. List the prime factors of d.
3, 5
Let v(r) = -7*r**2 + 4. Let z be v(2). Let b = z + 69. List the prime factors of b.
3, 5
Suppose 7*p = 26 + 9. Let g = 16 - p. What are the prime factors of g?
11
Let j = 1115 + -604. What are the prime factors of j?
7, 73
Let h = 1 - -2. Let o be (4/5)/(h/(-15)). Let w = o + 24. What are the prime factors of w?
2, 5
Let r(w) = w + 22. Let v be r(0). Suppose 2*m - g - 43 = 0, -3*m + 2*g = -2*m - 14. Let l = m - v. List the prime factors of l.
2
Suppose -3*p - 566 = -5*l + l, -2*l + 5*p + 290 = 0. Let m = l + 95. What are the prime factors of m?
5, 47
Suppose 5*a + x = 9, -5*a + a + 24 = 5*x. Let b(u) be the second derivative of u**4/3 + u**3/6 + u. List the prime factors of b(a).
5
Suppose 3*w + 2*b = 289, 2*w - 3*b - 188 = -2*b. Let m = 176 - w. List the prime factors of m.
3
Let n be (-6 - 17)/(1 - 0). Let v = n - -43. Let h = v + -5. List the prime factors of h.
3, 5
Let f(n) = -n**3 - 8*n**2 + 11. Let a be f(-7). Let r = a + 163. What are the prime factors of r?
5
Let u(t) = t**3 - 8*t**2 + 5*t + 8. Let p be u(7). Let o(w) = w**2 - w. Let y(f) = -7*f**2 + 2*f - 6. Let j(l) = p*o(l) - y(l). List the prime factors of j(-9).
3, 17
Let x = -5351 - -7966. List the prime factors of x.
5, 523
Let d = 203 - 131. Let i = 83 - d. List the prime factors of i.
11
Suppose 3*q - 6 = q, -37 = -5*t - 4*q. Let h = 456 - 440. Suppose -4*a + 102 = -t*j, -h - 38 = -2*a + j. What are the prime factors of a?
2, 7
Let n be (4/8)/((-2)/(-4)). List the prime factor